8. Determine a(-128).
-8
Let t(h) = -121*h**2 - 705*h + 162. Determine t(-6).
36
Let j(q) = 878*q + 12989. Calculate j(-11).
3331
Let b(z) = z**3 - 272*z**2 + 16185*z + 419. Give b(184).
-869
Let t(i) = i**3 - 12*i**2 - 271*i - 185. Calculate t(-11).
13
Let a(t) = -3*t**3 - 40*t**2 - 123*t - 88. Determine a(-2).
22
Let a(w) = -37*w**2 + 286*w + 1017. Calculate a(-2).
297
Let g(m) = 266588*m + 799791. Calculate g(-3).
27
Let k(n) = -94*n - 16824. Determine k(-186).
660
Let q(c) = 5588*c + 5766828. Give q(-1032).
12
Let u(g) = -21*g**3 + 181*g**2 - 97*g - 83. Determine u(8).
-27
Let r(y) = -1498*y - 127427. What is r(-85)?
-97
Let n(r) = r**2 - 815*r - 801209. Determine n(-576).
7
Let t(o) = 8*o**2 - 56*o - 184. Determine t(-7).
600
Let u(p) = -11766*p + 1341330. What is u(114)?
6
Let w(p) = 2*p**2 - 394*p + 4116. What is w(11)?
24
Let t(l) = 371*l**3 - 1500*l**2 + 11*l + 9. What is t(4)?
-203
Let z(q) = -q**3 + 80*q**2 - 1479*q - 1. Give z(29).
-1
Let y(i) = -i**3 - 65*i**2 - 165*i + 1422. Calculate y(-62).
120
Let a(g) = -58854*g + 2648421. Give a(45).
-9
Let m(n) = -2*n**3 - 114*n**2 + 217*n + 12293. Give m(-57).
-76
Let g(y) = 2*y**2 - 348*y - 77312. Calculate g(302).
0
Let s(k) = -14878*k + 193433. What is s(13)?
19
Let t(n) = -2396*n + 397742. Calculate t(166).
6
Let f(x) = -x**2 - 13*x + 6463. Give f(-86).
185
Let y(t) = -29*t**2 - 187*t + 773. Give y(4).
-439
Let l(r) = -r**3 - 121*r**2 - 330*r + 51. Calculate l(-3).
-21
Let p(x) = -2*x**3 + 613*x**2 - 32422*x - 943. Calculate p(68).
9
Let t(q) = -64*q**2 + 718*q - 141. Determine t(12).
-741
Let o(r) = 96594*r - 12943593. What is o(134)?
3
Let j(z) = -2*z**2 - 147*z - 1937. Give j(-63).
-614
Let x(g) = 285*g + 2509. Determine x(-5).
1084
Let w(y) = -2070*y + 6897. Calculate w(5).
-3453
Let t(h) = 68*h**2 - 1039*h + 3172. What is t(11)?
-29
Let q(n) = -1699*n**2 - 27185*n - 10. Calculate q(-16).
6
Let g(l) = 23146*l - 92575. Calculate g(4).
9
Let s(w) = -23*w - 232. Calculate s(-10).
-2
Let o(b) = 2*b**2 + 2668*b + 103807. Determine o(-39).
2797
Let m(o) = 3*o**2 - 1051*o - 67808. Give m(406).
-6
Let o(c) = 44029*c + 176086. What is o(-4)?
-30
Let b(g) = -g**3 - 70*g**2 - 333*g - 526. What is b(-65)?
-6
Let g(w) = 140432*w + 6319415. Determine g(-45).
-25
Let n(u) = 3*u**3 + 31*u**2 - 74*u - 749. Determine n(-10).
91
Let y(p) = 27*p**3 + 223*p**2 + 26*p + 5. Give y(-8).
245
Let r(o) = o**3 + 89*o**2 - 2470*o - 129. Calculate r(22).
-745
Let l(b) = -5437*b + 5439. Calculate l(1).
2
Let b(a) = a**3 - 100*a**2 - 32833*a + 1522. What is b(-138)?
4
Let n(w) = 90*w**2 - 4921*w + 3297. What is n(54)?
3
Let d(g) = 88*g - 2928. Give d(17).
-1432
Let f(m) = -47*m**3 - 5*m**2 + 28*m - 15. What is f(2)?
-355
Let a(x) = x**3 - 7*x**2 + 141*x - 825. Determine a(5).
-170
Let h(s) = -s**2 - 2843*s + 1228346. What is h(381)?
2
Let h(j) = -j**2 + 1210*j - 354877. What is h(711)?
-88
Let h(u) = -31*u**3 - 4741*u**2 + 305*u - 211. Calculate h(-153).
-58
Let u(r) = 20*r**2 + 1302*r - 1215. Calculate u(-66).
-27
Let t(s) = -s**3 + 78*s**2 - 6106. Give t(77).
-177
Let j(s) = 5*s**3 + 96*s**2 - 74*s - 109. What is j(-20)?
-229
Let r(a) = a**3 - 53*a**2 - 938*a + 39. Give r(67).
39
Let p(t) = t**3 - 184*t**2 - 788*t + 3831. Give p(-7).
-12
Let q(k) = k**3 + 7*k**2 - 1449*k - 24533. Give q(-27).
10
Let c(z) = 16*z + 3197. What is c(-165)?
557
Let r(n) = 428*n**2 + 49349*n + 14851. What is r(-115)?
16
Let r(l) = 6*l**2 + 1164*l + 13157. Give r(-11).
1079
Let u(f) = -f**3 - 77*f**2 + 118*f - 3850. What is u(-79)?
-690
Let d(o) = -147*o - 27365. Determine d(-195).
1300
Let l(h) = -53*h**2 - 2125*h + 1970. Determine l(-41).
2
Let z(g) = -g**3 - 230*g**2 - 413*g + 9758. Calculate z(-228).
-46
Let g(p) = -128*p**2 + 19383*p + 11093. What is g(152)?
-3
Let a(g) = 86672*g - 15600966. Give a(180).
-6
Let q(l) = 3295*l + 2579977. What is q(-783)?
-8
Let j(i) = -i**3 + 388*i**2 + 1218*i + 137124. Calculate j(392).
-76
Let i(x) = -348*x**2 + 3433*x + 488. What is i(10)?
18
Let s(o) = -3*o**3 + 68*o**2 + 95*o + 85. What is s(24)?
61
Let r(s) = s**3 - 85*s**2 + 963*s - 1943. What is r(72)?
1
Let a(j) = -6*j**2 - 162*j - 295. What is a(-15)?
785
Let h(g) = -10*g**2 + 119*g + 70. What is h(10)?
260
Let d(l) = l**2 - 346*l + 3806. Give d(12).
-202
Let o(w) = 1253*w + 235564. What is o(-188)?
0
Let y(s) = 4*s**2 - 55351*s - 55350. What is y(-1)?
5
Let m(i) = 7746*i + 317753. What is m(-41)?
167
Let i(h) = -h**3 - 76*h**2 + 1122*h - 10. What is i(13)?
-465
Let f(v) = -36*v**2 + 269*v - 17. Give f(8).
-169
Let c(g) = -13*g**2 + 2927*g + 2614. Give c(226).
128
Let j(y) = -2*y**3 - y**2 + 72*y - 82. What is j(5)?
3
Let z(l) = 4*l**3 - 186*l**2 + 70*l + 9. Determine z(46).
-1003
Let d(n) = 37*n**2 - 9448*n + 28324. Calculate d(3).
313
Let a(w) = -124*w**2 - 63*w + 183. Determine a(1).
-4
Let c(r) = -11981*r - 131841. Determine c(-11).
-50
Let t(p) = -290*p + 694. What is t(2)?
114
Let q(n) = -18083*n - 108. Determine q(0).
-108
Let r(s) = 44*s**2 + 1632*s + 11980. Calculate r(-27).
-8
Let g(y) = -3*y**2 - 686*y - 37971. Give g(-93).
-120
Let p(j) = -5*j**3 + 238*j**2 + 334*j + 424. Calculate p(49).
-17
Let p(g) = -219*g + 15065. Give p(71).
-484
Let t(m) = -m**3 - 159*m**2 - 315*m - 265. Give t(-157).
-108
Let u(b) = b**2 + 112447*b + 3035341. Give u(-27).
1
Let v(i) = -84*i + 4563. Calculate v(51).
279
Let b(f) = -2038*f + 46482. What is b(23)?
-392
Let t(h) = h**2 - 23*h - 257. Determine t(-16).
367
Let y(n) = -n**2 + 3*n + 14219. Give y(122).
-299
Let i(x) = 6*x**3 - 3*x**2 + 783*x + 4. Determine i(0).
4
Let x(a) = -7*a**2 - 624*a + 4288. What is x(7)?
-423
Let j(n) = -n**3 + 180*n**2 + 5846*n - 428. Determine j(-28).
-1044
Let v(y) = 33*y**2 + 5*y + 118. Determine v(-5).
918
Let h(k) = 8*k**2 + 694*k + 9380. Give h(-70).
0
Let q(i) = i**2 + 50*i - 273953. Determine q(499).
-2
Let x(q) = -94*q**2 - 5696*q + 14187. Calculate x(-63).
-51
Let n(v) = 21*v**2 - 175*v - 1821. What is n(-10)?
2029
Let c(y) = 1975*y + 11831. What is c(-6)?
-19
Let y(z) = 4*z**3 - 7*z**2 + 720*z - 1444. What is y(2)?
0
Let o(a) = -2*a**3 + 17*a**2 + 369*a - 2998. Determine o(8).
18
Let a(p) = 173*p - 7319. What is a(42)?
-53
Let m(y) = 6269*y - 181254. Calculate m(29).
547
Let a(o) = -9803*o - 6. What is a(0)?
-6
Let r(j) = j**3 + 3*j**2 - 533*j - 3585. Determine r(-7).
-50
Let n(a) = -22*a**2 + 310*a - 34. Calculate n(13).
278
Let z(u) = 1295*u + 28507. Calculate z(-22).
17
Let n(p) = -18*p**2 + 1322*p + 10495. What is n(-8)?
-1233
Let r(a) = -2*a**3 - 29*a**2 - 687*a - 5271. Determine r(-9).
21
Let o(n) = 105*n + 22951. Give o(-204).
1531
Let i(d) = 376*d - 63880. Determine i(170).
40
Let y(s) = -91*s**3 + 361*s**2 + 12*s + 26. Give y(4).
26
Let c(t) = -t**3 + 15*t**2 + 2288*t - 32088. Determine c(14).
140
Let l(b) = -b**3 - 2470*b**2 - 29511*b - 93. What is l(-12)?
87
Let n(w) = 3641*w - 182130. Give n(50).
-80
Let f(r) = r**3 - 216*r**2 - 1118*r + 1946. Determine f(221).
-927
Let b(z) = -3380*z + 446161. Calculate b(132).
1
Let m(h) = -169*h - 6706. Give m(-41).
223
Let z(q) = 2*q**3 + 21*q**2 + 136*q + 286. Calculate z(-3).
13
Let t(n) = n**3 - 11*n**2 - 989*n + 4070. Give t(4).
2
Let x(v) = 1396*v**2 - 118694*v + 2885. What is x(85)?
-5
Let r(m) = 209*m + 5824. What is r(-22)?
1226
Let i(m) = 2*m**2 - 762*m + 70463. Determine i(223).
-5
Let n(d) = 728*d - 19728. What is n(28)?
656
Let w(j) = 22*j**2 + 370*j - 47. What is w(-17)?
21
Let i(m) = -47*m**2 - 2053*m + 639. Give i(-44).
-21
Let c(u) = -4*u**3 - 720*u**2 - 8*u - 1169. Determine c(-180).
271
Let i(w) = 2*w**2 - 72*w + 341. What is i(-20)?
2581
Let a(u) = 184*u + 1998. What is a(-11)?
-26
Let m(a) = -12*a**2 - 8297*a - 3491. Give m(-691).
-36
Let i(l) = 5*l**2 + 47*l - 4790. Give i(-36).
-2
Let c(q) = -5*q**2 + 91*q + 126. Determine c(21).
-168
Let j(f) = 14934*f - 44737. What is j(3)?
65
Let f(h) = -6*h**2 + 1165*h + 114657. Give f(266).
11
Let f(h) = -4113*h - 2434906. Give f(-592).
-10
Let l(a) = a**3 - 64*a**2 + 1041*a - 137. Determine l(30).
493
Let t(v) = -28*v + 2186. Calculate t(78).
2
Let x(m) = m**3 + 130*m**2 + 2751*m - 37720. What is x(-98)?
10
Let d(p) = -5440*p**2 + 190399*p + 46. Determine d(35).
11
Let s(x) = x**3 - 14*x**2 + 15*x + 143. Calculate s(10).
-107
Let a(q) = -1530